. What is the units digit of z?
8
Let b(v) = -3*v + 0 + 1 + 2*v. Let w(q) = 6*q + 1. Let a be w(-1). What is the units digit of b(a)?
6
Let i = 26 + 2. What is the units digit of i?
8
Suppose 4*w = x + 236, 5*w - 2*w - 168 = 3*x. What is the tens digit of w?
6
Let m(v) be the third derivative of -v**6/40 - v**5/30 + v**4/8 + v**3/2 - 6*v**2. Suppose 12 = -5*n + 2. What is the units digit of m(n)?
3
Let f = 1 + -1. Let p = -33 + 50. Suppose 0 = -2*q - 6, 0 = -f*v - v + 5*q + p. What is the units digit of v?
2
Suppose -3*o + 4*l + 225 = 0, -o - 3*o - 2*l + 278 = 0. What is the tens digit of o?
7
Suppose 9*t = 496 + 125. What is the tens digit of t?
6
Suppose -6*r + 2*r = -140. What is the units digit of r?
5
Let z(y) = y**2 + 7*y - 7. What is the units digit of z(-13)?
1
Let u = 5 - 10. Let q = 6 + u. What is the units digit of -1*(0 + (0 - q))?
1
Suppose -2*i = -5*x + 402, -3*x + i - 3*i = -254. What is the tens digit of x?
8
Let h(l) = 8 + 3 - 5*l + 3*l + 3*l. Let a be h(0). Suppose -2*b = -7 - a. What is the units digit of b?
9
Let m(w) = w**2 + 2*w - 3. Let k be m(-3). Let h = -3 + 12. Suppose -t + k*t = -h. What is the units digit of t?
9
Let b = 7 - -17. What is the tens digit of b?
2
Suppose 3*k - 3 - 3 = 0, 0 = -4*p - 4*k + 12. Let v(h) = 4*h**3. What is the units digit of v(p)?
4
Let p = -5 + 10. Suppose -2*v = -p*v + 6. Suppose v = 3*b - 13. What is the units digit of b?
5
Let a be -4*(-3)/((-36)/(-15)). Suppose 5 - 35 = -a*l. Let c = 18 - l. What is the tens digit of c?
1
Suppose -3*x + 121 = -2*n, 5*n + 66 = 4*x - 2*x. Suppose 5*q = -3*g + x, 3*g - 2*g + 23 = 3*q. What is the units digit of q?
8
Let l(m) = -21*m**3 + m**2 + m + 1. Let z = -2 + 1. What is the units digit of l(z)?
2
Let v be 6/(-9) - 116/(-3). Suppose -3*y = -10 - v. What is the tens digit of y?
1
Let x(q) = -3*q**3 - 6*q**2 - 6*q - 8. What is the tens digit of x(-4)?
1
Let f(d) be the first derivative of d**3/3 + 5*d**2/2 + 5*d - 2. Let p be f(-5). Suppose -12 = -2*b - w, -p*b + 23 + 13 = 4*w. What is the units digit of b?
4
Suppose 6*v = 8*v - 258. What is the hundreds digit of v?
1
Let d be (1/3)/((-4)/(-36)). Suppose 3*u - 9 = -d. What is the units digit of (0 - u)/(10/(-65))?
3
What is the tens digit of (49/(-4))/((-3)/36)?
4
Let z = 7 - 2. Let f be 15 + -4 + 1 - -4. Let y = f - z. What is the tens digit of y?
1
Suppose 5 = -2*p + 3. What is the tens digit of p - -14 - (0 - 2)?
1
Suppose -267 - 77 = -4*h. Suppose 5*q + 4*d = -30 + h, 3*q - 40 = 4*d. What is the units digit of q?
2
Let x(a) = -a**3 - a**2 + 2*a + 2. Let w be x(-2). Suppose 5*p + 49 = d, w*d + 0*d = -4*p + 28. What is the tens digit of d?
2
Let k be ((-2)/6)/(4/(-12)). Suppose k = -0*t + t. Suppose 0 = 5*h + 3*q - 49, 4*q + 31 - t = 2*h. What is the units digit of h?
1
What is the units digit of (-1020)/(-17) - (1*-4 + 1)?
3
Let z = 5 + -4. Suppose -z = -f + 30. What is the tens digit of f?
3
Let s be -2 - (165 - -3)/4. Let i = -6 - s. What is the units digit of i?
8
Suppose -2*a = -2 - 4. Let r(o) = 7*o - 4. Let p(t) = -15*t + 9. Let z(w) = 6*p(w) + 13*r(w). What is the units digit of z(a)?
5
Let g be (-21)/(-5) + 3/(-15). Suppose 28 = 2*w - g*w. What is the units digit of (-4)/(-14) + (-38)/w?
3
Suppose -3*n = 3*o - 3, n + n + 14 = 2*o. Let a be 6/10 - 788/(-20). Suppose -o*f + 8*f = a. What is the units digit of f?
0
What is the units digit of 3 + -2 + (0 + 83 - 3)?
1
Let l(s) = 8*s**2 + 3*s. Suppose 0*z - 10 = 5*z. What is the tens digit of l(z)?
2
Let i(d) = -3*d + 3. Suppose j - 152 = -3*j. Let r be 18/24 + j/(-8). What is the units digit of i(r)?
5
Let w(s) = -10*s - 4. What is the units digit of w(-4)?
6
Suppose 2*u - u = 2. Suppose 0 = -4*v + 2*r - 0*r + 36, 29 = 3*v - u*r. What is the units digit of v?
7
Let v = -8 + 11. Suppose 5*f = 5*z - 5 + 40, 0 = 5*f + 3*z - v. What is the units digit of f?
3
Let c = -6 - -10. Suppose -c*p = -10 - 2. Suppose 0*d - p*d - t + 11 = 0, 0 = 2*t - 4. What is the units digit of d?
3
Let h = 4 + -1. Let j(c) = -2*c**2 + 7*c - 4. Let z(q) = 3*q**2 - 11*q + 6. Let n(b) = -8*j(b) - 5*z(b). What is the units digit of n(h)?
8
Suppose -3*f = -3*r - 9 - 0, 2*r + 6 = 0. What is the units digit of (13 - -9) + (2 - f)?
4
Suppose 14*d = 19*d - 190. What is the tens digit of d?
3
What is the tens digit of 21/28 - 370/(-8)?
4
Let q be (-183)/27 - (-2)/(-9). Let l(y) = -2*y - 5. What is the units digit of l(q)?
9
Let c(u) be the third derivative of -u**2 + 1/60*u**5 + 0 + 0*u + 1/3*u**3 - 5/24*u**4. What is the units digit of c(6)?
8
Suppose -y + 13 + 9 = 0. Let n = y - 10. What is the tens digit of n?
1
Let t = -3 - 2. Let i = t - -3. Let l = 4 - i. What is the units digit of l?
6
What is the tens digit of 29 - ((2 - 5) + 5)?
2
Let v = -133 - -206. Suppose 3*z + 16 - v = 0. What is the tens digit of z?
1
Let w(u) = -u - 12. Let i be w(-15). What is the units digit of (-1)/(-3)*i - -18?
9
Let o(g) = -g**3 + 8*g**2 + 2*g - 4. Let m be o(8). What is the units digit of (0 - -1)*m/4?
3
Let l = 23 - -29. What is the units digit of l?
2
What is the units digit of (-5)/15 + (-178)/(-3)?
9
Suppose -3*w = -7*w. Suppose 5*k - 75 = -w. What is the tens digit of k?
1
Let v(o) = o**3 - 3*o**2 + o + 2. Let l be v(3). Let x = 3 + 0. Let m = l - x. What is the units digit of m?
2
Let b(m) = -3*m + 9. Let l be b(6). Let n = -6 - l. Suppose 3*r = 39 + n. What is the units digit of r?
4
Let h(p) = p**3 - 2*p**2 + 3*p - 7. Let b(x) = -4*x**3 + 5*x**2 - 8*x + 21. Let z(a) = -2*b(a) - 7*h(a). What is the units digit of z(-5)?
7
Let x = -3 + 7. Let h(q) = -q**3 + 3*q**2 + 4*q + 1. What is the units digit of h(x)?
1
Let b(o) = 153*o**2 - 5*o - 6. What is the hundreds digit of b(-1)?
1
Suppose -i + 202 = 4*f, -3*f - 5*i + 2*i = -156. Suppose 4*m + 5*r - 30 = 27, -f = -5*m - 2*r. What is the units digit of m?
8
Suppose -63*b + 64*b - 57 = 0. What is the tens digit of b?
5
Let u = -36 - -20. Let z(p) = -p**3 + 7*p**2 + p. Let v be z(7). What is the units digit of 26/v + u/(-56)?
4
Suppose 11 = 5*q + 3*k, 4*k - 5 = -2*q + 3*k. Suppose -a + 4 + 61 = q*u, 1 = a. What is the tens digit of u?
1
Let n(a) = -a**2 + 6*a - 1. Let c be n(4). Let z(j) = j**2 + j**3 - c*j**2 + j + 1 - j. What is the units digit of z(6)?
1
Let u = 139 - 86. Let o = 78 - u. What is the tens digit of o?
2
Suppose -3*f - 5*v + 2 = 22, 4*f + 3*v + 12 = 0. Suppose f = j + 4*j - 10. What is the units digit of j?
2
Let c = -17 + 3. Let i = 21 - 1. Let u = i + c. What is the units digit of u?
6
What is the units digit of 10/(-30)*-1*51?
7
Suppose 0 = -2*b - 5*s - 7, -4*b + s - 3*s + 10 = 0. Let d(v) = -2 + 2*v - v - b*v - 2*v. What is the tens digit of d(-4)?
1
What is the hundreds digit of (30/(-4))/((-1)/38)?
2
Let g(w) = -w - 2. Let n be g(8). Let h(f) = f**2 + f - 8. Let i be h(0). Let u = i - n. What is the units digit of u?
2
Let w(a) = a**3 + a**2 + a + 6. Let l be w(0). Let f = l + 17. Let n = -11 + f. What is the units digit of n?
2
Let p = 40 - -7. Let n = p - 9. What is the tens digit of n?
3
Suppose 3*h - 2*w - 11 = -4*w, -7 = -3*h + 2*w. Suppose 2*t = -2*y, 0*t + 10 = h*t + y. Suppose 0 = t*s - 73 + 8. What is the units digit of s?
3
Let t = 22 - 21. What is the units digit of t?
1
Suppose -5*u + 133 = -4*u + f, 0 = -u - 3*f + 127. What is the units digit of u?
6
Let m = -1 - -1. Let h(a) = -a**3 + 2*a + 1. Let y be h(-1). What is the units digit of y - (-1 + m/1)?
1
Let u(x) = -66*x - 8. What is the tens digit of u(-4)?
5
Let u(w) = -w**3 + 8*w**2 + 13*w - 3. What is the units digit of u(7)?
7
Suppose -2*p + t = -89 + 32, 60 = 2*p - 2*t. What is the units digit of p?
7
Let c(x) = -x**2 + 8*x + 5. Let p be -2*(-5 + 2/2). What is the units digit of c(p)?
5
Let q = -2 + 2. Let x(s) = 2*s**2 - 3*s + 3. Let p be x(2). Suppose p*l - 30 = 5*o, q*l - 3*o - 19 = -4*l. What is the units digit of l?
1
Let u(w) be the second derivative of 7*w**3/3 - w. What is the tens digit of u(1)?
1
Let p(y) = y**2 - 4*y - 1. Let q be p(5). Suppose q*m = 16, 2*v - m - 20 = -2*m. What is the units digit of v?
8
Let o = -32 - -80. Let b = o + -27. What is the units digit of b?
1
Suppose 2*k - k - 5 = 0. What is the units digit of k*-8*6/(-20)?
2
What is the units digit of (-3 - -4) + -1 + 1?
1
What is the units digit of (109 - 0)/((-4 + 0)/(-4)